{"id":418,"date":"2020-09-04T12:27:15","date_gmt":"2020-09-04T10:27:15","guid":{"rendered":"https:\/\/start.ims-chips.de\/?page_id=418"},"modified":"2025-02-04T14:34:22","modified_gmt":"2025-02-04T13:34:22","slug":"karriere","status":"publish","type":"page","link":"https:\/\/www.ims-chips.de\/?page_id=418","title":{"rendered":"Karriere"},"content":{"rendered":"\t\t<div data-elementor-type=\"wp-page\" data-elementor-id=\"418\" class=\"elementor elementor-418\">\n\t\t\t\t\t\t<section class=\"elementor-section elementor-top-section elementor-element elementor-element-351bb3d elementor-section-boxed elementor-section-height-default elementor-section-height-default exad-glass-effect-no exad-sticky-section-no\" data-id=\"351bb3d\" data-element_type=\"section\" data-e-type=\"section\" data-settings=\"{&quot;background_background&quot;:&quot;classic&quot;,&quot;shape_divider_bottom&quot;:&quot;curve&quot;,&quot;shape_divider_bottom_negative&quot;:&quot;yes&quot;}\">\n\t\t\t\t\t\t\t<div class=\"elementor-background-overlay\"><\/div>\n\t\t\t\t\t\t<div class=\"elementor-shape elementor-shape-bottom\" aria-hidden=\"true\" data-negative=\"true\">\n\t\t\t<svg xmlns=\"http:\/\/www.w3.org\/2000\/svg\" viewBox=\"0 0 1000 100\" preserveAspectRatio=\"none\">\n\t<path class=\"elementor-shape-fill\" d=\"M500,97C126.7,96.3,0.8,19.8,0,0v100l1000,0V1C1000,19.4,873.3,97.8,500,97z\"\/>\n<\/svg>\t\t<\/div>\n\t\t\t\t\t<div class=\"elementor-container elementor-column-gap-default\">\n\t\t\t\t\t<div class=\"elementor-column elementor-col-100 elementor-top-column elementor-element elementor-element-531617f3 exad-glass-effect-no exad-sticky-section-no\" data-id=\"531617f3\" data-element_type=\"column\" data-e-type=\"column\">\n\t\t\t<div class=\"elementor-widget-wrap elementor-element-populated\">\n\t\t\t\t\t\t<div class=\"elementor-element elementor-element-764908b exad-sticky-section-no exad-glass-effect-no elementor-widget elementor-widget-heading\" data-id=\"764908b\" data-element_type=\"widget\" data-e-type=\"widget\" data-widget_type=\"heading.default\">\n\t\t\t\t<div class=\"elementor-widget-container\">\n\t\t\t\t\t<h2 class=\"elementor-heading-title elementor-size-default\">Karriere<\/h2>\t\t\t\t<\/div>\n\t\t\t\t<\/div>\n\t\t\t\t\t<\/div>\n\t\t<\/div>\n\t\t\t\t\t<\/div>\n\t\t<\/section>\n\t\t\t\t<section class=\"elementor-section elementor-top-section elementor-element elementor-element-6a90de2d elementor-section-boxed elementor-section-height-default elementor-section-height-default exad-glass-effect-no exad-sticky-section-no\" data-id=\"6a90de2d\" data-element_type=\"section\" data-e-type=\"section\" data-settings=\"{&quot;animation&quot;:&quot;none&quot;}\">\n\t\t\t\t\t\t<div class=\"elementor-container elementor-column-gap-wide\">\n\t\t\t\t\t<div class=\"elementor-column elementor-col-50 elementor-top-column elementor-element elementor-element-194af3b8 exad-glass-effect-no exad-sticky-section-no\" data-id=\"194af3b8\" data-element_type=\"column\" data-e-type=\"column\">\n\t\t\t<div class=\"elementor-widget-wrap elementor-element-populated\">\n\t\t\t\t\t\t<div class=\"elementor-element elementor-element-745228d exad-sticky-section-no exad-glass-effect-no elementor-widget elementor-widget-image\" data-id=\"745228d\" data-element_type=\"widget\" data-e-type=\"widget\" data-widget_type=\"image.default\">\n\t\t\t\t<div class=\"elementor-widget-container\">\n\t\t\t\t\t\t\t\t\t\t\t\t\t\t\t<img fetchpriority=\"high\" decoding=\"async\" width=\"750\" height=\"500\" src=\"https:\/\/www.ims-chips.de\/wp-content\/uploads\/2020\/09\/20131030_IMS-Neubau-Aussen_IMG_0676-0678_HDR_V2-1024x683.jpg\" class=\"attachment-large size-large wp-image-210\" alt=\"IMS CHIPS Neubau mit klarem blauen Himmel\" srcset=\"https:\/\/www.ims-chips.de\/wp-content\/uploads\/2020\/09\/20131030_IMS-Neubau-Aussen_IMG_0676-0678_HDR_V2-1024x683.jpg 1024w, https:\/\/www.ims-chips.de\/wp-content\/uploads\/2020\/09\/20131030_IMS-Neubau-Aussen_IMG_0676-0678_HDR_V2-300x200.jpg 300w, https:\/\/www.ims-chips.de\/wp-content\/uploads\/2020\/09\/20131030_IMS-Neubau-Aussen_IMG_0676-0678_HDR_V2-768x512.jpg 768w, https:\/\/www.ims-chips.de\/wp-content\/uploads\/2020\/09\/20131030_IMS-Neubau-Aussen_IMG_0676-0678_HDR_V2-360x240.jpg 360w, https:\/\/www.ims-chips.de\/wp-content\/uploads\/2020\/09\/20131030_IMS-Neubau-Aussen_IMG_0676-0678_HDR_V2.jpg 1200w\" sizes=\"(max-width: 750px) 100vw, 750px\" \/>\t\t\t\t\t\t\t\t\t\t\t\t\t\t\t<\/div>\n\t\t\t\t<\/div>\n\t\t\t\t\t<\/div>\n\t\t<\/div>\n\t\t\t\t<div class=\"elementor-column elementor-col-50 elementor-top-column elementor-element elementor-element-207c4181 exad-glass-effect-no exad-sticky-section-no\" data-id=\"207c4181\" data-element_type=\"column\" data-e-type=\"column\">\n\t\t\t<div class=\"elementor-widget-wrap elementor-element-populated\">\n\t\t\t\t\t\t<div class=\"elementor-element elementor-element-465e0f06 elementor-view-default elementor-position-block-start elementor-mobile-position-block-start exad-sticky-section-no exad-glass-effect-no elementor-widget elementor-widget-icon-box\" data-id=\"465e0f06\" data-element_type=\"widget\" data-e-type=\"widget\" data-widget_type=\"icon-box.default\">\n\t\t\t\t<div class=\"elementor-widget-container\">\n\t\t\t\t\t\t\t<div class=\"elementor-icon-box-wrapper\">\n\n\t\t\t\t\t\t<div class=\"elementor-icon-box-icon\">\n\t\t\t\t<span  class=\"elementor-icon\">\n\t\t\t\t<i aria-hidden=\"true\" class=\"fab fa-gitter\"><\/i>\t\t\t\t<\/span>\n\t\t\t<\/div>\n\t\t\t\n\t\t\t\t\t\t<div class=\"elementor-icon-box-content\">\n\n\t\t\t\t\t\t\t\t\t<h3 class=\"elementor-icon-box-title\">\n\t\t\t\t\t\t<span  >\n\t\t\t\t\t\t\tKarriere\t\t\t\t\t\t<\/span>\n\t\t\t\t\t<\/h3>\n\t\t\t\t\n\t\t\t\t\t\t\t\t\t<p class=\"elementor-icon-box-description\">\n\t\t\t\t\t\tWerden Sie Teil unseres Teams und arbeiten Sie an spannenden Forschungsthemen mit. F\u00fcr Studierende verschiedener technischer und naturwissenschaftlicher Fachrichtungen von Universit\u00e4ten und Hochschulen bieten wir laufend Bachelor- und Masterarbeiten an. Anspruchsvolle Technologieentwicklungen und Forschungen an Zukunftsthemen bei uns erm\u00f6glichen Promotionen an der Uni Stuttgart. Mit einer gro\u00dfen und hoch qualifizierten Stammbelegschaft suchen wir auch immer wieder Verst\u00e4rkung durch berufserfahrene IngenieurInnen und WissenschaftlerInnen aber gerade auch f\u00fcr Neueinsteiger \"direkt aus dem Studium\" sind wir offen. \t\t\t\t\t<\/p>\n\t\t\t\t\n\t\t\t<\/div>\n\t\t\t\n\t\t<\/div>\n\t\t\t\t\t\t<\/div>\n\t\t\t\t<\/div>\n\t\t\t\t\t<\/div>\n\t\t<\/div>\n\t\t\t\t\t<\/div>\n\t\t<\/section>\n\t\t\t\t<section class=\"elementor-section elementor-top-section elementor-element elementor-element-3cac8d5 elementor-section-boxed elementor-section-height-default elementor-section-height-default exad-glass-effect-no exad-sticky-section-no\" data-id=\"3cac8d5\" data-element_type=\"section\" data-e-type=\"section\">\n\t\t\t\t\t\t<div class=\"elementor-container elementor-column-gap-default\">\n\t\t\t\t\t<div class=\"elementor-column elementor-col-50 elementor-top-column elementor-element elementor-element-fa156cb exad-glass-effect-no exad-sticky-section-no\" data-id=\"fa156cb\" data-element_type=\"column\" data-e-type=\"column\">\n\t\t\t<div class=\"elementor-widget-wrap elementor-element-populated\">\n\t\t\t\t\t\t<div class=\"elementor-element elementor-element-40f4b0d exad-sticky-section-no exad-glass-effect-no elementor-widget elementor-widget-heading\" data-id=\"40f4b0d\" data-element_type=\"widget\" data-e-type=\"widget\" data-widget_type=\"heading.default\">\n\t\t\t\t<div class=\"elementor-widget-container\">\n\t\t\t\t\t<h2 class=\"elementor-heading-title elementor-size-xl\">Unsere aktuellen Stellenangebote <\/h2>\t\t\t\t<\/div>\n\t\t\t\t<\/div>\n\t\t\t\t<div class=\"elementor-element elementor-element-341821b exad-sticky-section-no exad-glass-effect-no elementor-widget elementor-widget-text-editor\" data-id=\"341821b\" data-element_type=\"widget\" data-e-type=\"widget\" data-widget_type=\"text-editor.default\">\n\t\t\t\t<div class=\"elementor-widget-container\">\n\t\t\t\t\t\t\t\t\t<p>Wir freuen uns auch \u00fcber Initiativbewerbungen.<\/p><p>Zus\u00e4tzlich haben wir meistens\u00a0Bachelor-, Studien- oder Masterarbeit zu vergeben.<\/p>\t\t\t\t\t\t\t\t<\/div>\n\t\t\t\t<\/div>\n\t\t\t\t\t<\/div>\n\t\t<\/div>\n\t\t\t\t<div class=\"elementor-column elementor-col-50 elementor-top-column elementor-element elementor-element-d71ab83 exad-glass-effect-no exad-sticky-section-no\" data-id=\"d71ab83\" data-element_type=\"column\" data-e-type=\"column\">\n\t\t\t<div class=\"elementor-widget-wrap elementor-element-populated\">\n\t\t\t\t\t\t<div class=\"elementor-element elementor-element-bbb9dfe exad-sticky-section-no exad-glass-effect-no elementor-widget elementor-widget-image\" data-id=\"bbb9dfe\" data-element_type=\"widget\" data-e-type=\"widget\" data-widget_type=\"image.default\">\n\t\t\t\t<div class=\"elementor-widget-container\">\n\t\t\t\t\t\t\t\t\t\t\t\t\t\t\t<img decoding=\"async\" src=\"https:\/\/www.ims-chips.de\/aktualisierung\/yourfirm_top_arbeitgeber_siegel.png\" title=\"\" alt=\"\" loading=\"lazy\" \/>\t\t\t\t\t\t\t\t\t\t\t\t\t\t\t<\/div>\n\t\t\t\t<\/div>\n\t\t\t\t\t<\/div>\n\t\t<\/div>\n\t\t\t\t\t<\/div>\n\t\t<\/section>\n\t\t\t\t<section class=\"elementor-section elementor-top-section elementor-element elementor-element-1bd89cbc elementor-section-boxed elementor-section-height-default elementor-section-height-default exad-glass-effect-no exad-sticky-section-no\" data-id=\"1bd89cbc\" data-element_type=\"section\" data-e-type=\"section\" data-settings=\"{&quot;animation&quot;:&quot;none&quot;}\">\n\t\t\t\t\t\t<div class=\"elementor-container elementor-column-gap-default\">\n\t\t\t\t\t<div class=\"elementor-column elementor-col-100 elementor-top-column elementor-element elementor-element-69885310 exad-glass-effect-no exad-sticky-section-no\" data-id=\"69885310\" data-element_type=\"column\" data-e-type=\"column\">\n\t\t\t<div class=\"elementor-widget-wrap elementor-element-populated\">\n\t\t\t\t\t\t<div class=\"elementor-element elementor-element-a2fbbb9 exad-sticky-section-no exad-glass-effect-no elementor-widget elementor-widget-html\" data-id=\"a2fbbb9\" data-element_type=\"widget\" data-e-type=\"widget\" data-widget_type=\"html.default\">\n\t\t\t\t<div class=\"elementor-widget-container\">\n\t\t\t\t\t<!-- coveto Stellenportal iframe -->\r\n<iframe src=\"https:\/\/k33469.coveto.de\/public\/jobs\/\" border=\"0\" style=\"border: none;\" width=\"100%\" height=\"800\"><\/iframe><p id=\"poweredbycoveto\" style=\"margin-top:20px; text-align:right;\"><a style=\"font-size: 10px; color: #AAA;text-decoration:none;\" href=\"http:\/\/www.coveto.de\" target=\"_blank\" rel=\"noopener noreferrer\">powered by coveto, Software f\u00fcr Bewerberverwaltung<\/a><\/p>\r\n<script type=\"text\/javascript\" src=\"https:\/\/k33469.coveto.de\/jobs.js\"><\/script>\r\n<!-- end of coveto Stellenportal iframe -->\t\t\t\t<\/div>\n\t\t\t\t<\/div>\n\t\t\t\t\t<\/div>\n\t\t<\/div>\n\t\t\t\t\t<\/div>\n\t\t<\/section>\n\t\t\t\t<\/div>\n\t\t","protected":false},"excerpt":{"rendered":"<p>Karriere Karriere Werden Sie Teil unseres Teams und arbeiten Sie an spannenden Forschungsthemen mit. F\u00fcr Studierende verschiedener technischer und naturwissenschaftlicher Fachrichtungen von Universit\u00e4ten und Hochschulen bieten wir laufend Bachelor- und Masterarbeiten an. Anspruchsvolle Technologieentwicklungen und Forschungen an Zukunftsthemen bei uns erm\u00f6glichen Promotionen an der Uni Stuttgart. Mit einer gro\u00dfen und [&hellip;]<\/p>\n","protected":false},"author":1,"featured_media":0,"parent":0,"menu_order":0,"comment_status":"closed","ping_status":"closed","template":"page-templates\/template-pagebuilder-full-width.php","meta":{"footnotes":""},"class_list":["post-418","page","type-page","status-publish","hentry"],"yoast_head":"<!-- This site is optimized with the Yoast SEO plugin v27.4 - https:\/\/yoast.com\/product\/yoast-seo-wordpress\/ -->\n<title>Karriere - Institut f\u00fcr Mikroelektronik Stuttgart<\/title>\n<meta name=\"description\" content=\"Kaufm\u00e4nnischer Bereich und IT, Forschungsthemen, Technisch - Wissenschaftlicher Bereich, Bachelor-, Master- und Studienarbeiten, Jobs\" \/>\n<meta name=\"robots\" content=\"index, follow, max-snippet:-1, max-image-preview:large, max-video-preview:-1\" \/>\n<link rel=\"canonical\" href=\"https:\/\/www.ims-chips.de\/?page_id=418\" \/>\n<meta property=\"og:locale\" content=\"de_DE\" \/>\n<meta property=\"og:type\" content=\"article\" \/>\n<meta property=\"og:title\" content=\"Karriere - Institut f\u00fcr Mikroelektronik Stuttgart\" \/>\n<meta property=\"og:description\" content=\"Kaufm\u00e4nnischer Bereich und IT, Forschungsthemen, Technisch - Wissenschaftlicher Bereich, Bachelor-, Master- und Studienarbeiten, Jobs\" \/>\n<meta property=\"og:url\" content=\"https:\/\/www.ims-chips.de\/?page_id=418\" \/>\n<meta property=\"og:site_name\" content=\"Institut f\u00fcr Mikroelektronik Stuttgart\" \/>\n<meta property=\"article:modified_time\" content=\"2025-02-04T13:34:22+00:00\" \/>\n<meta property=\"og:image\" content=\"https:\/\/www.ims-chips.de\/wp-content\/uploads\/2020\/09\/20131030_IMS-Neubau-Aussen_IMG_0676-0678_HDR_V2.jpg\" \/>\n\t<meta property=\"og:image:width\" content=\"1200\" \/>\n\t<meta property=\"og:image:height\" content=\"800\" \/>\n\t<meta property=\"og:image:type\" content=\"image\/jpeg\" \/>\n<meta name=\"twitter:card\" content=\"summary_large_image\" \/>\n<meta name=\"twitter:label1\" content=\"Gesch\u00e4tzte Lesezeit\" \/>\n\t<meta name=\"twitter:data1\" content=\"1\u00a0Minute\" \/>\n<script type=\"application\/ld+json\" class=\"yoast-schema-graph\">{\"@context\":\"https:\\\/\\\/schema.org\",\"@graph\":[{\"@type\":\"WebPage\",\"@id\":\"https:\\\/\\\/www.ims-chips.de\\\/?page_id=418\",\"url\":\"https:\\\/\\\/www.ims-chips.de\\\/?page_id=418\",\"name\":\"Karriere - Institut f\u00fcr Mikroelektronik Stuttgart\",\"isPartOf\":{\"@id\":\"https:\\\/\\\/www.ims-chips.de\\\/#website\"},\"primaryImageOfPage\":{\"@id\":\"https:\\\/\\\/www.ims-chips.de\\\/?page_id=418#primaryimage\"},\"image\":{\"@id\":\"https:\\\/\\\/www.ims-chips.de\\\/?page_id=418#primaryimage\"},\"thumbnailUrl\":\"https:\\\/\\\/www.ims-chips.de\\\/wp-content\\\/uploads\\\/2020\\\/09\\\/20131030_IMS-Neubau-Aussen_IMG_0676-0678_HDR_V2-1024x683.jpg\",\"datePublished\":\"2020-09-04T10:27:15+00:00\",\"dateModified\":\"2025-02-04T13:34:22+00:00\",\"description\":\"Kaufm\u00e4nnischer Bereich und IT, Forschungsthemen, Technisch - Wissenschaftlicher Bereich, Bachelor-, Master- und Studienarbeiten, Jobs\",\"breadcrumb\":{\"@id\":\"https:\\\/\\\/www.ims-chips.de\\\/?page_id=418#breadcrumb\"},\"inLanguage\":\"de\",\"potentialAction\":[{\"@type\":\"ReadAction\",\"target\":[\"https:\\\/\\\/www.ims-chips.de\\\/?page_id=418\"]}]},{\"@type\":\"ImageObject\",\"inLanguage\":\"de\",\"@id\":\"https:\\\/\\\/www.ims-chips.de\\\/?page_id=418#primaryimage\",\"url\":\"https:\\\/\\\/www.ims-chips.de\\\/wp-content\\\/uploads\\\/2020\\\/09\\\/20131030_IMS-Neubau-Aussen_IMG_0676-0678_HDR_V2.jpg\",\"contentUrl\":\"https:\\\/\\\/www.ims-chips.de\\\/wp-content\\\/uploads\\\/2020\\\/09\\\/20131030_IMS-Neubau-Aussen_IMG_0676-0678_HDR_V2.jpg\",\"width\":1200,\"height\":800,\"caption\":\"IMS CHIPS Neubau mit klarem blauen Himmel\"},{\"@type\":\"BreadcrumbList\",\"@id\":\"https:\\\/\\\/www.ims-chips.de\\\/?page_id=418#breadcrumb\",\"itemListElement\":[{\"@type\":\"ListItem\",\"position\":1,\"name\":\"Startseite\",\"item\":\"https:\\\/\\\/www.ims-chips.de\\\/\"},{\"@type\":\"ListItem\",\"position\":2,\"name\":\"Karriere\"}]},{\"@type\":\"WebSite\",\"@id\":\"https:\\\/\\\/www.ims-chips.de\\\/#website\",\"url\":\"https:\\\/\\\/www.ims-chips.de\\\/\",\"name\":\"Institut f\u00fcr Mikroelektronik Stuttgart\",\"description\":\"\",\"publisher\":{\"@id\":\"https:\\\/\\\/www.ims-chips.de\\\/#organization\"},\"potentialAction\":[{\"@type\":\"SearchAction\",\"target\":{\"@type\":\"EntryPoint\",\"urlTemplate\":\"https:\\\/\\\/www.ims-chips.de\\\/?s={search_term_string}\"},\"query-input\":{\"@type\":\"PropertyValueSpecification\",\"valueRequired\":true,\"valueName\":\"search_term_string\"}}],\"inLanguage\":\"de\"},{\"@type\":\"Organization\",\"@id\":\"https:\\\/\\\/www.ims-chips.de\\\/#organization\",\"name\":\"Institut f\u00fcr Mikroelektronik Stuttgart\",\"alternateName\":\"IMS CHIPS\",\"url\":\"https:\\\/\\\/www.ims-chips.de\\\/\",\"logo\":{\"@type\":\"ImageObject\",\"inLanguage\":\"de\",\"@id\":\"https:\\\/\\\/www.ims-chips.de\\\/#\\\/schema\\\/logo\\\/image\\\/\",\"url\":\"https:\\\/\\\/www.ims-chips.de\\\/wp-content\\\/uploads\\\/2020\\\/09\\\/logo_ims.png\",\"contentUrl\":\"https:\\\/\\\/www.ims-chips.de\\\/wp-content\\\/uploads\\\/2020\\\/09\\\/logo_ims.png\",\"width\":262,\"height\":65,\"caption\":\"Institut f\u00fcr Mikroelektronik Stuttgart\"},\"image\":{\"@id\":\"https:\\\/\\\/www.ims-chips.de\\\/#\\\/schema\\\/logo\\\/image\\\/\"}}]}<\/script>\n<!-- \/ Yoast SEO plugin. -->","yoast_head_json":{"title":"Karriere - Institut f\u00fcr Mikroelektronik Stuttgart","description":"Kaufm\u00e4nnischer Bereich und IT, Forschungsthemen, Technisch - Wissenschaftlicher Bereich, Bachelor-, Master- und Studienarbeiten, Jobs","robots":{"index":"index","follow":"follow","max-snippet":"max-snippet:-1","max-image-preview":"max-image-preview:large","max-video-preview":"max-video-preview:-1"},"canonical":"https:\/\/www.ims-chips.de\/?page_id=418","og_locale":"de_DE","og_type":"article","og_title":"Karriere - Institut f\u00fcr Mikroelektronik Stuttgart","og_description":"Kaufm\u00e4nnischer Bereich und IT, Forschungsthemen, Technisch - Wissenschaftlicher Bereich, Bachelor-, Master- und Studienarbeiten, Jobs","og_url":"https:\/\/www.ims-chips.de\/?page_id=418","og_site_name":"Institut f\u00fcr Mikroelektronik Stuttgart","article_modified_time":"2025-02-04T13:34:22+00:00","og_image":[{"width":1200,"height":800,"url":"https:\/\/www.ims-chips.de\/wp-content\/uploads\/2020\/09\/20131030_IMS-Neubau-Aussen_IMG_0676-0678_HDR_V2.jpg","type":"image\/jpeg"}],"twitter_card":"summary_large_image","twitter_misc":{"Gesch\u00e4tzte Lesezeit":"1\u00a0Minute"},"schema":{"@context":"https:\/\/schema.org","@graph":[{"@type":"WebPage","@id":"https:\/\/www.ims-chips.de\/?page_id=418","url":"https:\/\/www.ims-chips.de\/?page_id=418","name":"Karriere - Institut f\u00fcr Mikroelektronik Stuttgart","isPartOf":{"@id":"https:\/\/www.ims-chips.de\/#website"},"primaryImageOfPage":{"@id":"https:\/\/www.ims-chips.de\/?page_id=418#primaryimage"},"image":{"@id":"https:\/\/www.ims-chips.de\/?page_id=418#primaryimage"},"thumbnailUrl":"https:\/\/www.ims-chips.de\/wp-content\/uploads\/2020\/09\/20131030_IMS-Neubau-Aussen_IMG_0676-0678_HDR_V2-1024x683.jpg","datePublished":"2020-09-04T10:27:15+00:00","dateModified":"2025-02-04T13:34:22+00:00","description":"Kaufm\u00e4nnischer Bereich und IT, Forschungsthemen, Technisch - Wissenschaftlicher Bereich, Bachelor-, Master- und Studienarbeiten, Jobs","breadcrumb":{"@id":"https:\/\/www.ims-chips.de\/?page_id=418#breadcrumb"},"inLanguage":"de","potentialAction":[{"@type":"ReadAction","target":["https:\/\/www.ims-chips.de\/?page_id=418"]}]},{"@type":"ImageObject","inLanguage":"de","@id":"https:\/\/www.ims-chips.de\/?page_id=418#primaryimage","url":"https:\/\/www.ims-chips.de\/wp-content\/uploads\/2020\/09\/20131030_IMS-Neubau-Aussen_IMG_0676-0678_HDR_V2.jpg","contentUrl":"https:\/\/www.ims-chips.de\/wp-content\/uploads\/2020\/09\/20131030_IMS-Neubau-Aussen_IMG_0676-0678_HDR_V2.jpg","width":1200,"height":800,"caption":"IMS CHIPS Neubau mit klarem blauen Himmel"},{"@type":"BreadcrumbList","@id":"https:\/\/www.ims-chips.de\/?page_id=418#breadcrumb","itemListElement":[{"@type":"ListItem","position":1,"name":"Startseite","item":"https:\/\/www.ims-chips.de\/"},{"@type":"ListItem","position":2,"name":"Karriere"}]},{"@type":"WebSite","@id":"https:\/\/www.ims-chips.de\/#website","url":"https:\/\/www.ims-chips.de\/","name":"Institut f\u00fcr Mikroelektronik Stuttgart","description":"","publisher":{"@id":"https:\/\/www.ims-chips.de\/#organization"},"potentialAction":[{"@type":"SearchAction","target":{"@type":"EntryPoint","urlTemplate":"https:\/\/www.ims-chips.de\/?s={search_term_string}"},"query-input":{"@type":"PropertyValueSpecification","valueRequired":true,"valueName":"search_term_string"}}],"inLanguage":"de"},{"@type":"Organization","@id":"https:\/\/www.ims-chips.de\/#organization","name":"Institut f\u00fcr Mikroelektronik Stuttgart","alternateName":"IMS CHIPS","url":"https:\/\/www.ims-chips.de\/","logo":{"@type":"ImageObject","inLanguage":"de","@id":"https:\/\/www.ims-chips.de\/#\/schema\/logo\/image\/","url":"https:\/\/www.ims-chips.de\/wp-content\/uploads\/2020\/09\/logo_ims.png","contentUrl":"https:\/\/www.ims-chips.de\/wp-content\/uploads\/2020\/09\/logo_ims.png","width":262,"height":65,"caption":"Institut f\u00fcr Mikroelektronik Stuttgart"},"image":{"@id":"https:\/\/www.ims-chips.de\/#\/schema\/logo\/image\/"}}]}},"_links":{"self":[{"href":"https:\/\/www.ims-chips.de\/index.php?rest_route=\/wp\/v2\/pages\/418","targetHints":{"allow":["GET"]}}],"collection":[{"href":"https:\/\/www.ims-chips.de\/index.php?rest_route=\/wp\/v2\/pages"}],"about":[{"href":"https:\/\/www.ims-chips.de\/index.php?rest_route=\/wp\/v2\/types\/page"}],"author":[{"embeddable":true,"href":"https:\/\/www.ims-chips.de\/index.php?rest_route=\/wp\/v2\/users\/1"}],"replies":[{"embeddable":true,"href":"https:\/\/www.ims-chips.de\/index.php?rest_route=%2Fwp%2Fv2%2Fcomments&post=418"}],"version-history":[{"count":6,"href":"https:\/\/www.ims-chips.de\/index.php?rest_route=\/wp\/v2\/pages\/418\/revisions"}],"predecessor-version":[{"id":12536,"href":"https:\/\/www.ims-chips.de\/index.php?rest_route=\/wp\/v2\/pages\/418\/revisions\/12536"}],"wp:attachment":[{"href":"https:\/\/www.ims-chips.de\/index.php?rest_route=%2Fwp%2Fv2%2Fmedia&parent=418"}],"curies":[{"name":"wp","href":"https:\/\/api.w.org\/{rel}","templated":true}]}}